alse
Is 57767 prime?
False
Is 28429 prime?
True
Is 4621 a prime number?
True
Is 1327762 a composite number?
True
Is 2939 composite?
False
Is 54123 composite?
True
Is 27089 composite?
True
Is 247179 a prime number?
False
Is 81509 composite?
False
Is 27059 composite?
False
Is 11729 a prime number?
False
Is 95117 a composite number?
True
Is 131413 composite?
False
Is 28789 a composite number?
False
Is 781553 a prime number?
False
Is 44615 a prime number?
False
Is 20857 a prime number?
True
Is 17011 a composite number?
False
Is 48491 prime?
True
Is 3494 a composite number?
True
Is 9127 prime?
True
Is 80321 a composite number?
True
Is 28673 composite?
True
Is 50021 a composite number?
False
Is 806257 prime?
True
Is 1074833 composite?
False
Is 69367 a prime number?
False
Is 318569 prime?
True
Is 512161 a composite number?
True
Is 10393 composite?
True
Is 16613 prime?
False
Is 96893 a composite number?
False
Is 35983 prime?
True
Is 607471 a composite number?
False
Is 41549 prime?
True
Is 4747 composite?
True
Is 5554 composite?
True
Is 79109 a prime number?
False
Is 87299 composite?
False
Is 9961 prime?
False
Is 11962 prime?
False
Is 10999 a prime number?
False
Is 321355 a composite number?
True
Is 45303 a composite number?
True
Is 7453 a composite number?
True
Is 1787303 a prime number?
False
Is 2561 composite?
True
Is 50311 prime?
True
Is 200185 composite?
True
Is 94081 a prime number?
False
Is 4083 composite?
True
Is 36857 composite?
False
Is 6813593 a composite number?
False
Is 177043 a prime number?
True
Is 55873 composite?
True
Is 48989 composite?
False
Is 3847477 a prime number?
True
Is 7841 prime?
True
Is 98113 prime?
False
Is 262079 a composite number?
False
Is 482338 a composite number?
True
Is 5779 composite?
False
Is 1285971 a prime number?
False
Is 6326 prime?
False
Is 112321 prime?
False
Is 211027 a composite number?
True
Is 1193243 a composite number?
False
Is 62113 prime?
False
Is 74446 a prime number?
False
Is 18427 prime?
True
Is 1567 prime?
True
Is 2813059 a prime number?
False
Is 266153 prime?
True
Is 7509 prime?
False
Is 269939 composite?
False
Is 834761 composite?
False
Is 10159 composite?
False
Is 531421 prime?
False
Is 2902411 a prime number?
True
Is 63073 prime?
True
Is 61751 a prime number?
True
Is 11771 a prime number?
False
Is 2125919 prime?
True
Is 27415 a prime number?
False
Is 1333 composite?
True
Is 265471 prime?
True
Is 11629 prime?
False
Is 3342371 a composite number?
False
Is 271787 composite?
False
Is 3203 a composite number?
False
Is 615101 composite?
False
Is 12203 a prime number?
True
Is 3989 a prime number?
True
Is 31685 a composite number?
True
Is 443389 prime?
True
Is 298897 prime?
True
Is 312527 a composite number?
False
Is 815489 prime?
False
Is 42899 a prime number?
True
Is 2791747 prime?
False
Is 43198 composite?
True
Is 209917 prime?
True
Is 1495309 prime?
False
Is 48701 a prime number?
False
Is 781589 a composite number?
False
Is 2099 a prime number?
True
Is 650927 a composite number?
False
Is 8419 prime?
True
Is 8411 a composite number?
True
Is 5048681 prime?
False
Is 144659 a prime number?
True
Is 9599 composite?
True
Is 1539943 composite?
False
Is 101047 a prime number?
False
Is 74389 a composite number?
True
Is 28463 prime?
True
Is 8663 a prime number?
True
Is 671 prime?
False
Is 387761 composite?
True
Is 10031 composite?
True
Is 2498071 composite?
False
Is 615113 composite?
True
Is 50411 composite?
False
Is 43573 a composite number?
False
Is 1216009 prime?
True
Is 210931 a prime number?
False
Is 1872667 prime?
True
Is 3571 composite?
False
Is 307 a prime number?
True
Is 146449 composite?
False
Is 176081 composite?
False
Is 58549 a prime number?
True
Is 61783 a composite number?
True
Is 36118 composite?
True
Is 19813 a composite number?
False
Is 29119 prime?
False
Is 7861 a composite number?
True
Is 77867 a prime number?
True
Is 53527 prime?
True
Is 11014529 a prime number?
True
Is 3797 a prime number?
True
Is 403999 a prime number?
False
Is 59027 a composite number?
True
Is 2623969 a prime number?
True
Is 24391 composite?
False
Is 12277 prime?
True
Is 109727 a prime number?
False
Is 68371 prime?
True
Is 474322 composite?
True
Is 1637 composite?
False
Is 139187 prime?
True
Is 973631 composite?
False
Is 14635 composite?
True
Is 122581 prime?
False
Is 1021189 composite?
True
Is 63967 a prime number?
False
Is 27973 prime?
False
Is 11617 composite?
False
Is 16759 a composite number?
False
Is 1439 prime?
True
Is 3494 prime?
False
Is 172745 a composite number?
True
Is 192235 a composite number?
True
Is 938211 prime?
False
Is 617249 composite?
False
Is 31585 a prime number?
False
Is 487259 prime?
False
Is 1350313 composite?
False
Is 88427 composite?
False
Is 1523423 a composite number?
True
Is 18583 a composite number?
False
Is 82741 prime?
False
Is 2310485 prime?
False
Is 315467 a prime number?
True
Is 16123 a prime number?
False
Is 21157 composite?
False
Is 160255 a composite number?
True
Is 19121 a composite number?
False
Is 1441 prime?
False
Is 408493 a prime number?
False
Is 55603 prime?
True
Is 60707 a prime number?
False
Is 3341 a prime number?
False
Is 8311 composite?
False
Is 29917 composite?
False
Is 56549 a prime number?
False
Is 35569 composite?
False
Is 173371 a composite number?
True
Is 11821 prime?
True
Is 1876159 a prime number?
False
Is 99967 composite?
True
Is 39821 a composite number?
False
Is 174679 prime?
True
Is 1623481 composite?
True
Is 565 a composite number?
True
Is 174799 a prime number?
True
Is 3779053 composite?
False
Is 369449 a prime number?
False
Is 395081 prime?
False
Is 97387 a composite number?
False
Is 1522913 a prime number?
False
Is 22805 composite?
True
Is 71243 a prime number?
False
Is 3669 prime?
False
Is 14429 a composite number?
True
Is 1821 prime?
False
Is 200153 composite?
False
Is 1761 a prime number?
False
Is 1987 a prime number?
True
Is 25895 prime?
False
Is 3407753 a composite number?
False
Is 73946 composite?
True
Is 524795 prime?
False
Is 8654 composite?
True
Is 5324755 composite?
True
Is 27167 prime?
False
Is 1441 composite?
True
Is 911 a prime number?
True
Is 188249 composite?
False
Is 24659 composite?
False
Is 118 a prime number?
False
Is 877958 a composite number?
True
Is 223537 prime?
False
Is 852107 a composite number?
True
Is 463741 composite?
False
Is 10 composite?
True
Is 209123 a prime number?
True
Is 268654 composite?
True
Is 24403 prime?
False
Is 19289 prime?
True
Is 43777 composite?
False
Is 13213 prime?
False
Is 189053 a prime number?
False
Is 1958413 a prime number?
True
Is 18451 a composite number?
False
Is 1835617 prime?
False
Is 164789 a prime number?
True
Is 111833 composite?
False
Is 127 a prime number?
True
Is 87595 a prime number?
False
Is 57569 prime?
False
Is 17957 composite?
False
Is 13539 a prime number?
False
Is 1380457 a composite number?
True
Is 295187 composite?
False
Is 7343 prime?
False
Is 446551 a composite number?
True
Is 105933 a prime number?
False
Is 2219 composite?
True
Is 31469 a prime number?
True
Is 15547 composite?
True
Is 478571 a composite number?
False
Is 522787 composite?
False
Is 29717 a composite number?
False
Is 132313 a prime number?
True
Is 9851 prime?
True
Is 15937 a composite number?
False
Is 1536347 a prime number?
False
Is 44507 a prime number?
True
Is 102229 prime?
True
Is 3611 a prime number?
False
Is 101561 composite?
False
Is 367 a prime number?
True
Is 6103 a composite number?
True
Is 111187 prime?
True
Is 2609 a prime number?
True
Is 5261 composite?
False
Is 180478 a prime number?
False
Is 42049 a prime number?
False
Is 871 composite?
True
Is 11789 a prime number?
True
Is 383149 prime?
False
Is 42611 composite?
False
Is 37717 a composite number?
False
Is 6077 composite?
True
Is 14419 prime?
True
Is 3263 composite?
True
Is 48179 prime?
True
Is 7639 a prime number?
True
Is 48751 prime?
True
Is 12007 prime?
True
Is 528499 prime?
False
Is 85549 a composite number?
False
Is 337319 composite?
True
Is 489829 a prime number?
False
Is 10409 prime?
False
Is 75289 composite?
False
Is 18089 a prime number?
True
Is 261091 a prime number?
False
Is 752083 a composite number?
False
Is 8663 a composite number?
False
Is 317818 composite?
True
Is 180599 composite?
True
Is 73361 a composite number?
False
Is 2783